ivisor of y and o?
6
Suppose 23 = 4*m - 3*w, -3*w + w - 10 = 0. Suppose t = -m*y - y, 0 = 5*t + y - 70. Calculate the greatest common divisor of t and 45.
15
Let o = 391 - 382. What is the highest common factor of 441 and o?
9
Suppose -5*d + 1 = x, 8*d + 2*x = 3*d - 3. Calculate the highest common divisor of 19 and d.
1
Suppose 102*x = 97*x - 2*l + 100, x - 20 = 5*l. Let c = 5 - -10. Calculate the highest common factor of c and x.
5
Suppose -7*t - 36 = -176. What is the highest common divisor of t and 56?
4
Let u(j) = j**2 + 4*j + 3. Let g be u(-6). What is the greatest common divisor of g and 255?
15
Let g(t) = -88*t - 8. Let v be g(-2). Calculate the greatest common factor of v and 126.
42
Let s = -58 + 16. Let v = s - -62. Calculate the greatest common divisor of v and 140.
20
Suppose 0 = -3*r - r + 40. Let c be -10*((-9)/(-6) - 3). Suppose 0 = 2*w - c - 65. Calculate the greatest common factor of r and w.
10
Let w(f) = 2*f**2 + 7*f + 12. Let t be w(-13). Calculate the greatest common factor of t and 37.
37
Let q = 6 + -16. Let d be (3 + -1)/(q/(-110)). Calculate the highest common factor of d and 22.
22
Let l(v) = 2*v**3 + 12*v**2 + 10*v + 9. Let u be l(-5). Calculate the highest common divisor of 990 and u.
9
Let z(i) = i**2 - 4*i - 5. Let g be z(6). Let p = -4128 + 4205. Calculate the highest common factor of g and p.
7
Suppose 3*f = 3*v - 621, 0 = 4*v + 4*f - 449 - 355. Suppose 3*z = 5*q - v, 6*q - 5*z = 3*q + 116. What is the highest common factor of 6 and q?
6
Suppose 4*q + q = -5, -3*q = 5*h - 32. Let r be -1*(2 + -1) + 1183/h. What is the greatest common factor of r and 21?
21
Let s(g) = -4*g**3 + 18*g**2 + 40*g + 28. Let m(i) = -i**3 - i**2. Let b(k) = -5*m(k) + s(k). Let c be b(-21). What is the highest common divisor of 10 and c?
10
Suppose -5*z + 8 - 23 = 0. Let t = z - -7. Suppose 0 = 3*d + 2*d - 3*h - 103, 3*h = -t*d + 77. Calculate the highest common divisor of d and 8.
4
Suppose -15*u = 5*u - 360. What is the highest common factor of 90 and u?
18
Suppose k + 3*v - 45 = 2*v, 0 = 4*k - 5*v - 135. What is the greatest common factor of k and 360?
40
Let g be 11 - (-9)/(-27)*-21. What is the greatest common divisor of g and 1008?
18
Suppose -5*y = -10, 4*w - 1970 = 17*y - 12*y. Calculate the highest common divisor of w and 110.
55
Suppose -30*d + 124*d - 68432 = 0. Calculate the greatest common factor of d and 24.
8
Suppose -9*u + 10*u = 116. Let k be u + 4/8*-8. Calculate the greatest common factor of 28 and k.
28
Suppose 0 = -k - 3*k. Suppose k*z - z = 0. Suppose 23 = s - 2*p, 3*s + 2*p + 2*p - 49 = z. What is the greatest common divisor of s and 38?
19
Let t = -2277 - -2295. What is the greatest common factor of t and 459?
9
Let o be ((-3)/(-3) + 2)*-1 - -115. What is the greatest common divisor of o and 42?
14
Let u be (-39)/(-21) + (-3)/(0 + -21). Suppose -9 - 31 = -2*v - 4*s, -3*s - 61 = -2*v. What is the highest common factor of v and u?
2
Let t be 9/(-3)*(-14)/2. Calculate the highest common factor of 49 and t.
7
Let q(t) = 3*t + 19. Let x be q(-8). Let s be 4/20 + 1/x. Suppose s*n + 7 = n. Calculate the greatest common factor of 14 and n.
7
Suppose -2*v + 3*x + 105 = 0, 0 = -2*v - 0*x - 5*x + 65. Let y(d) = 15*d. Let h be y(4). Calculate the greatest common divisor of h and v.
15
Suppose 3*h - 43 = 83. Suppose 58 = 4*t - 2*m, -3*t + 5*m = 2*m - h. Let c = 3 + 0. Calculate the greatest common divisor of t and c.
3
Suppose -46 = -3*x + 26. Suppose x = 4*s - s. Calculate the greatest common factor of s and 8.
8
Let q(b) be the second derivative of -b**5/20 - b**4/2 + 7*b**2 - 4*b. Let j be q(-6). What is the highest common factor of 21 and j?
7
Let h(p) = 5*p**2 - p - 2. Let g be 3/2*(-44)/33. Let v be h(g). What is the greatest common divisor of 160 and v?
20
Let k(l) = -l**2 - 4*l + 101. Let p be k(8). Calculate the highest common divisor of p and 1560.
5
Suppose 4*b - 3*g = g + 168, -2*b = g - 84. Let q be 0/((-25)/5) + b. What is the greatest common divisor of 14 and q?
14
Let t = -53 + 81. Let v = 6 + t. Suppose 3*d - v = 20. Calculate the greatest common factor of d and 126.
18
Suppose -4*h + 228 = -272. Suppose 14*g - 92 = -4*l + 12*g, -3*l - 3*g = -63. What is the highest common factor of l and h?
25
Let z be (-55)/(-1)*(-44)/(-110). What is the highest common divisor of 99 and z?
11
Let h be ((4/1)/4)/((-5)/(-230)). Let o = 280 + -165. What is the greatest common factor of o and h?
23
Suppose -5*p + 946 = h, -254 = -2*p + 3*h + 121. What is the highest common factor of 54 and p?
27
Let o = 74 + -71. Let w be -18*(o/(-18) + (-4)/12). Let c = 108 - 9. Calculate the greatest common divisor of c and w.
9
Suppose 5*o = 1395 - 520. Calculate the greatest common factor of o and 50.
25
Let h = -11 + 12. Suppose y - 19 + h = 0. Calculate the greatest common divisor of y and 18.
18
Let n(s) = s**2 - 21*s - 43. Let z be n(23). Suppose -u - u = -20. Suppose -u = -r - 5*h, -h + z*h + 8 = 2*r. What is the highest common factor of 25 and r?
5
Suppose 3*t = 2*x - 48, 2*t - 15 = -3*x + 57. What is the highest common factor of 60 and x?
12
Let z(w) = -2*w - 5. Let s be z(-7). Suppose -2*j - 126 = -s*j. What is the highest common divisor of j and 9?
9
Suppose -7*v = -620 + 74. What is the highest common factor of 104 and v?
26
Let m(i) = 6*i - 3*i + 24 - i. Let o be m(-6). Calculate the highest common factor of 4 and o.
4
Let f = 451 - 191. Calculate the highest common factor of 10 and f.
10
Suppose 0 = 4*m - m - 6. Let r = m + 0. Suppose 0 = 4*v - r*v - 36. Calculate the greatest common factor of 6 and v.
6
Let f be 5/(4/16*2). Suppose -7*a = -f*a. Suppose a = 4*v - 3*y - 118, 3*v + v - 4*y = 120. What is the greatest common factor of v and 14?
14
Let j = -290 + 329. What is the highest common divisor of j and 9?
3
Let w(n) = 3*n**2 + 46*n - 8. Let b be w(-16). Let t = -250 - -466. What is the highest common divisor of b and t?
24
Let x = -161 + 197. What is the greatest common divisor of 48 and x?
12
Suppose 129 = 4*u + 5*l, -u = -4*l - 16 - 32. What is the greatest common factor of 20 and u?
4
Let y(z) = z**3 + 4*z**2 - z + 1. Let h be y(-2). Suppose -18 = -13*o + h*o. What is the highest common factor of o and 27?
9
Suppose 0 = 6*k + 242 - 1010. Let q = k + -124. Suppose 12 = 2*x - 0*x. Calculate the greatest common divisor of q and x.
2
Suppose -2*r + 5*w + 32 = 0, 2*w - 32 = -5*r + 3*r. Let c be -42*((-320)/(-30))/(-8). Suppose 2*u - c = r. What is the highest common divisor of u and 4?
4
Suppose 4*o = 154 + 94. Calculate the highest common factor of 155 and o.
31
Suppose -5*i + 334 = -3*i. Let s be i + (1 + -3 - 0). Let v be 3 - (-9 + (1 - 4)). Calculate the greatest common factor of s and v.
15
Let c = -1752 - -1976. Calculate the highest common divisor of c and 2.
2
Let h be ((-13)/(-3))/((-2)/(-6)). Let l(u) = 174*u - 631. Let x be l(4). Calculate the highest common divisor of x and h.
13
Let l(k) = k. Let i be l(3). Let u be ((-18)/4 + i)/(3/(-80)). What is the greatest common factor of 8 and u?
8
Suppose -2*h + 0*h = 8, 5*h = -4*a - 4. Suppose a*j - 75 = 145. Calculate the greatest common factor of 11 and j.
11
Let s be ((-34)/66 - 10/(-55))*-6. Suppose -24 = -3*r - 2*z, 2*z - z + 16 = s*r. What is the highest common factor of 64 and r?
8
Suppose 1056 = 2*q - 288. Calculate the highest common factor of q and 252.
84
Let q(r) = 10*r - 16. Let i be q(6). Let k = i + -40. What is the highest common factor of 2 and k?
2
Let h(g) = -3*g**2 - 19*g - 6. Let v be h(-6). Suppose 4*c + 3*c - 532 = v. Calculate the greatest common divisor of 38 and c.
38
Let r = 265 - 237. Calculate the highest common divisor of r and 70.
14
Suppose 860 = -4*x + 24*x. What is the highest common factor of 1 and x?
1
Let q(a) = a**3 - 4*a - 1. Let h be q(2). Let t(o) = 29*o - 9. Let m be t(6). Let k be -3 - h - (3 - m). What is the highest common divisor of 20 and k?
20
Let z be 16 + (-3)/6*2*-2. What is the greatest common factor of z and 9?
9
Let n(g) = 17*g - 3. Let p be n(3). Let i(z) = -23*z - 270. Let u be i(-12). Calculate the greatest common factor of p and u.
6
Let q be -2 + 12/3 + -32. Let m be (-1076)/(-10) - 12/q. What is the highest common factor of 12 and m?
12
Let b(n) = n**3 - 52*n**2 - 108*n + 177. Let i be b(54). Calculate the h